{"id":566,"date":"2025-12-23T14:21:06","date_gmt":"2025-12-23T17:21:06","guid":{"rendered":"https:\/\/netbaio.com.br\/?page_id=566"},"modified":"2025-12-23T14:25:09","modified_gmt":"2025-12-23T17:25:09","slug":"politica-de-privacidade","status":"publish","type":"page","link":"https:\/\/netbaio.com.br\/index.php\/politica-de-privacidade\/","title":{"rendered":"Pol\u00edtica de privacidade"},"content":{"rendered":"\t\t<div data-elementor-type=\"wp-page\" data-elementor-id=\"566\" class=\"elementor elementor-566\">\n\t\t\t\t<div class=\"elementor-element elementor-element-af10d9b e-flex e-con-boxed wpr-particle-no wpr-jarallax-no wpr-parallax-no wpr-sticky-section-no wpr-equal-height-no e-con e-parent\" data-id=\"af10d9b\" data-element_type=\"container\" data-e-type=\"container\">\n\t\t\t\t\t<div class=\"e-con-inner\">\n\t\t\t\t<div class=\"elementor-element elementor-element-e46c19b elementor-widget elementor-widget-heading\" data-id=\"e46c19b\" data-element_type=\"widget\" data-e-type=\"widget\" data-widget_type=\"heading.default\">\n\t\t\t\t<div class=\"elementor-widget-container\">\n\t\t\t\t\t<h2 class=\"elementor-heading-title elementor-size-default\">Pol\u00edtica de Privacidade<\/h2>\t\t\t\t<\/div>\n\t\t\t\t<\/div>\n\t\t\t\t<div class=\"elementor-element elementor-element-5ac4807 elementor-widget elementor-widget-text-editor\" data-id=\"5ac4807\" data-element_type=\"widget\" data-e-type=\"widget\" data-widget_type=\"text-editor.default\">\n\t\t\t\t<div class=\"elementor-widget-container\">\n\t\t\t\t\t\t\t\t\t<div>A <strong>NET BAIO PROVEDOR DE INTERNET LTDA<\/strong> desenvolveu a presente Pol\u00edtica de Privacidade, em conformidade com a Lei Geral de Prote\u00e7\u00e3o de Dados (LGPD), a fim de comunicar de forma transparente aos seus clientes, as regras gerais de coleta, uso, armazenamento, tratamento, prote\u00e7\u00e3o, compartilhamento e exclus\u00e3o de dados praticadas pela empresa.<\/div><div>\u00a0<\/div><div>O Contrato de Presta\u00e7\u00e3o de Servi\u00e7o de Comunica\u00e7\u00e3o Multim\u00eddia encontra-se devidamente registrado no Cart\u00f3rio do \u00danico Of\u00edcio Renata Maria Valen\u00e7a Mota S\u00e1 Barr\u00eato Cart\u00f3rio de T\u00edtulos e Documentos de Caet\u00e9s sob n\u00b0 1.553 do Livro n\u00b0 B-10, e que se encontra dispon\u00edvel para acesso no seguinte link: <a href=\"https:\/\/netbaio.com.br\/\">https:\/\/NET BAIO PROVEDOR DE INTERNET LTDA.com.br\/<\/a> , e que faz parte integrante e indissoci\u00e1vel da presente.\u00a0<\/div><div>\u00a0<\/div><div>A coleta de dados dos clientes pela <strong>NET BAIO PROVEDOR DE INTERNET LTDA<\/strong> e inclusive o seu compartilhamento, se dar\u00e1 para fins de execu\u00e7\u00e3o de contrato de presta\u00e7\u00e3o de servi\u00e7os, bem como para fins de adequa\u00e7\u00e3o \u00e0 regula\u00e7\u00e3o dos servi\u00e7os de telecomunica\u00e7\u00f5es.<\/div><div>\u00a0<\/div><div><p><b>No que consiste a lei geral de prote\u00e7\u00e3o de dados (LGPD)?<\/b>\u00a0<\/p><\/div><div>\u00a0<span style=\"font-size: 1rem;\">\u00c9 uma lei federal que estabelece regras ao uso de dados pessoais por entidades p\u00fablicas e privadas. A LGPD garante direitos aos titulares dos dados e estabelece a regra para coleta, armazenamento, processamento e compartilhamento de dados pessoais de pessoas f\u00edsicas.<\/span><\/div><div>\u00a0<span style=\"font-size: 1rem;\">\u00a0<\/span><\/div><div><b>Quais ser\u00e3o os dados coletados?<\/b>\u00a0<\/div><div>\u00a0<\/div><div>A <strong>NET BAIO PROVEDOR DE INTERNET LTDA<\/strong> poder\u00e1 coletar e utilizar dados dos seus clientes para alimenta\u00e7\u00e3o de seu sistema interno de cadastro de clientes, os quais podem ser classificados em duas categorias:\u00a0<\/div><div>\u00a0 \u00a0<\/div><div><b>Dados pessoais:\u00a0<br \/><\/b><span style=\"font-size: 1rem;\">(dados que trazem elementos que identificam \u2013 ou podem identificar \u2013 um indiv\u00edduo);\u00a0<\/span><\/div><div><b>Dados Financeiros:<\/b>\u00a0<br \/><span style=\"font-size: 1rem;\">(trazem informa\u00e7\u00f5es banc\u00e1rias e\/ou relativas ao sistema financeiro nacional);<\/span><\/div><div>\u00a0<\/div><div>A <strong>NET BAIO PROVEDOR DE INTERNET LTDA<\/strong> poder\u00e1 coletar informa\u00e7\u00f5es tais como: Protocolo de Internet (IP, com data e hora e origem), dentre outros.<\/div><div><span style=\"font-size: 1rem;\">\u00a0<\/span><\/div><div><span style=\"font-size: 1rem;\"><b>Aceita\u00e7\u00e3o da coleta e do compartilhamento de dados<\/b><\/span><\/div><div><span style=\"font-size: 1rem;\">\u00a0<\/span><\/div><div>Ao estar ciente da Pol\u00edtica de Privacidade praticada pela <strong>NET BAIO PROVEDOR DE INTERNET LTDA<\/strong>, o cliente reitera que est\u00e1 consciente de que os seus dados pessoais s\u00e3o usados e tratados com finalidade comercial leg\u00edtima e que foram coletados mediante o seu consentimento livre, volunt\u00e1rio, informado e ausente de d\u00favidas.\u00a0<\/div><div>A <strong>NET BAIO PROVEDOR DE INTERNET LTDA<\/strong> somente dar\u00e1 acesso aos dados pessoais de seus clientes a terceiros (i) em caso de presta\u00e7\u00e3o de servi\u00e7os e\/ou parcerias necess\u00e1rias para o desenvolvimento das atividades escopo da presta\u00e7\u00e3o de seus servi\u00e7os; ou, ent\u00e3o, (ii) sob a apresenta\u00e7\u00e3o de mandado judicial em processo de investiga\u00e7\u00e3o de il\u00edcitos.<\/div><div>Os clientes declaram-se cientes da possibilidade de viola\u00e7\u00e3o da seguran\u00e7a dos servidores da <strong>NET BAIO PROVEDOR DE INTERNET LTDA<\/strong> por ataques de hackers e\/ou outras circunst\u00e2ncias a que sistemas conectados \u00e0 internet estejam sujeitos, casos em que, apesar dos melhores esfor\u00e7os da <strong>NET BAIO PROVEDOR DE INTERNET LTDA<\/strong>, as informa\u00e7\u00f5es e dados do Provedor e de seus clientes poder\u00e3o, eventualmente, ser ilegalmente acessadas por terceiros, bem como alguma falha operacional da <strong>NET BAIO PROVEDOR DE INTERNET LTDA<\/strong> sendo que, na hip\u00f3tese da ocorr\u00eancia de qualquer vazamento de informa\u00e7\u00f5es, a <strong>NET BAIO PROVEDOR DE INTERNET LTDA<\/strong> envidar\u00e1 seus melhores esfor\u00e7os para comunicar aos clientes afetados com a maior anteced\u00eancia poss\u00edvel.<\/div><div>\u00a0<\/div><div><span style=\"font-size: 1rem;\"><b>Uso e tratamento dos dados<\/b><\/span><\/div><div><span style=\"font-size: 1rem;\"><b>\u00a0<\/b><\/span><\/div><div>A <strong>NET BAIO PROVEDOR DE INTERNET LTDA<\/strong> poder\u00e1 utilizar os dados coletados para uma s\u00e9rie de prop\u00f3sitos, incluindo, mas n\u00e3o se limitando:<\/div><ul><li>\u00a0<span style=\"font-size: 1rem;\">Prestar os servi\u00e7os de telecomunica\u00e7\u00f5es da forma mais adequada e eficiente;<\/span><\/li><li>\u00a0Organiza\u00e7\u00e3o e controle de toda a parte de cadastro de cliente, financeira e fiscal, para que possa operar com seguran\u00e7a, aumentar sua \u00e1rea de atua\u00e7\u00e3o e n\u00famero de clientes;<\/li><li>\u00a0Cumprir outras obriga\u00e7\u00f5es legais e regulat\u00f3rias;<\/li><\/ul><div>\u00a0<\/div><div>A <strong>NET BAIO PROVEDOR DE INTERNET LTDA<\/strong> poder\u00e1 compartilhar dados dos seus clientes com:<\/div><div>\u00a0<\/div><ul><li>Autoridades p\u00fablicas, autoridades judici\u00e1rias e \u00f3rg\u00e3os reguladores.<\/li><li>Partes relacionadas, quando aplic\u00e1vel;<\/li><\/ul><div>\u00a0<\/div><div>Prestadores de servi\u00e7os que realizam opera\u00e7\u00f5es para a <strong>NET BAIO PROVEDOR DE INTERNET LTDA<\/strong> (Para trabalhar com a <strong>NET BAIO PROVEDOR DE INTERNET LTDA<\/strong>, os prestadores de servi\u00e7os devem se comprometer a proteger os dados compartilhados com eles);<\/div><div>\u00a0<\/div><div>Anunciantes para enviar comunica\u00e7\u00f5es que possam ser do interesse dos clientes.<\/div><div>\u00a0<\/div><div>A <strong>NET BAIO PROVEDOR DE INTERNET LTDA<\/strong> adota medidas t\u00e9cnicas de prote\u00e7\u00e3o dos dados pessoais, dentre as quais,\u00a0<\/div><div>destacam-se:<\/div><div>\u00a0<\/div><div>\u00a0\u00a0 <strong>A<\/strong>. Estabelecimento de controle restrito sobre o acesso aos dados mediante a defini\u00e7\u00e3o de responsabilidades das pessoas que ter\u00e3o possibilidade de acesso e de privil\u00e9gios m\u00ednimos de acesso exclusivo para determinados respons\u00e1veis;<\/div><div>\u00a0 \u00a0<strong>B<\/strong>. Estabelecimento de mecanismos de autentica\u00e7\u00e3o de acesso aos registros;<\/div><div>\u00a0 \u00a0<strong>C<\/strong>. Estabelecimento de pol\u00edtica de senha que possua uma padroniza\u00e7\u00e3o de senha forte, com a obriga\u00e7\u00e3o de trocas de senhas periodicamente, impedindo a reutiliza\u00e7\u00e3o das senhas anteriores e bloqueio por tentativas sem sucesso; \u00a0<\/div><div>\u00a0 \u00a0<strong>D<\/strong>. Os ambientes onde ser\u00e3o tratados dados s\u00e3o monitorados por meio de invent\u00e1rio detalhado dos acessos aos registros de conex\u00e3o e de acesso a aplica\u00e7\u00f5es;<\/div><div>\u00a0 \u00a0<strong>E<\/strong>. Uso de solu\u00e7\u00f5es de gest\u00e3o dos registros por meio de t\u00e9cnicas que garantam a inviolabilidade dos dados, como encripta\u00e7\u00e3o;<\/div><div>\u00a0 \u00a0<strong>F<\/strong>. Utiliza\u00e7\u00e3o de meios para prote\u00e7\u00e3o dos dados em repouso\/armazenado; \u00a0<\/div><div>\u00a0 \u00a0<strong>G<\/strong>. Estabelecimento de mecanismos de descarte seguro dos dados, eliminando a possibilidade de restaura\u00e7\u00e3o;\u00a0<\/div><div>\u00a0 \u00a0<strong>H<\/strong>. Manuten\u00e7\u00e3o de invent\u00e1rio atualizado de todos os dados armazenados, processados ou transmitidos.\u00a0<\/div><div>\u00a0<\/div><div><strong>Armazenamento e exclus\u00e3o<\/strong>\u00a0<\/div><div>\u00a0<\/div><div>Os dados ser\u00e3o armazenados pelo tempo necess\u00e1rio, principalmente visando observar e atender aos requisitos legais e regulat\u00f3rios. A exclus\u00e3o dos dados se dar\u00e1 de forma definitiva no prazo julgado conveniente pela <strong>NET BAIO PROVEDOR DE INTERNET LTDA<\/strong>, desde que observados os requisitos legais e regulat\u00f3rios.<\/div><div>\u00a0<\/div><div><strong>Tratamento e transfer\u00eancia de informa\u00e7\u00e3o<\/strong>\u00a0<\/div><div>\u00a0<\/div><div>A utiliza\u00e7\u00e3o dos dados ser\u00e1 limitada aos neg\u00f3cios realizados e seu uso restrito \u00e0s partes interessadas, respons\u00e1veis pela entrega dos servi\u00e7os e produtos contratados.<\/div><div>\u00a0<\/div><div><strong>Direitos e deveres dos clientes<\/strong><\/div><div>\u00a0<\/div><div>Quando autorizado pelas leis aplic\u00e1veis, o cliente poder\u00e1, por meio dos canais oficiais de comunica\u00e7\u00e3o da <strong>NET BAIO PROVEDOR DE INTERNET LTDA<\/strong>, solicitar:<\/div><ul><li>A verifica\u00e7\u00e3o dos seus dados pessoais;<\/li><li>A revoga\u00e7\u00e3o\/ restri\u00e7\u00e3o de um consentimento anterior a qualquer momento;<\/li><li>A cess\u00e3o do processamento dos seus dados pessoais para marketing direto;<\/li><li>C\u00f3pia dos seus dados pessoais;<\/li><li>A corre\u00e7\u00e3o dos dados pessoais que apresentem qualquer imprecis\u00e3o;<\/li><li>A exclus\u00e3o dos seus dados pessoais.<\/li><\/ul><div>\u00a0<\/div><div><strong>Legisla\u00e7\u00e3o e foro competente<\/strong><\/div><div>\u00a0<\/div><div>Esta Pol\u00edtica ser\u00e1 regida, interpretada e executada de acordo com as leis da Rep\u00fablica Federativa do Brasil, sendo competente o Foro da Comarca de Caet\u00e9s, Estado de Pernambuco, para dirimir qualquer d\u00favida decorrente deste instrumento. O Provedor de Internet consente com a compet\u00eancia desse ju\u00edzo, e ren\u00fancia, neste ato, \u00e0 compet\u00eancia de qualquer outro foro, por mais privilegiado que seja ou venha a ser.<\/div><div>\u00a0<\/div><div><strong>Fale conosco<\/strong><\/div><div>\u00a0<\/div><div>Em caso de d\u00favidas, solicita\u00e7\u00f5es em rela\u00e7\u00e3o \u00e0 Lei Geral de Prote\u00e7\u00e3o de Dados (LGPD) ou sobre a nossa Pol\u00edtica de Privacidade, entre em contato pelos canais oficiais de comunica\u00e7\u00e3o da <strong>NET BAIO PROVEDOR DE INTERNET LTDA<\/strong>, abaixo:<\/div><div>\u00a0<\/div><div>E-mail: <a href=\"mailto:net.baio.caetes@gmail.com\">net.baio.caetes@gmail.com<\/a><\/div><div>Atenciosamente,\u00a0\u00a0<\/div><div><strong>NET BAIO PROVEDOR DE INTERNET LTDA<\/strong><\/div><div>\u00a0<\/div>\t\t\t\t\t\t\t\t<\/div>\n\t\t\t\t<\/div>\n\t\t\t\t\t<\/div>\n\t\t\t\t<\/div>\n\t\t\t\t<\/div>\n\t\t","protected":false},"excerpt":{"rendered":"<p>Pol\u00edtica de Privacidade A NET BAIO PROVEDOR DE INTERNET LTDA desenvolveu a presente Pol\u00edtica de Privacidade, em conformidade com a Lei Geral de Prote\u00e7\u00e3o de Dados (LGPD), a fim de comunicar de forma transparente aos seus clientes, as regras gerais de coleta, uso, armazenamento, tratamento, prote\u00e7\u00e3o, compartilhamento e exclus\u00e3o de dados praticadas pela empresa.\u00a0O Contrato de Presta\u00e7\u00e3o de Servi\u00e7o de Comunica\u00e7\u00e3o Multim\u00eddia encontra-se devidamente registrado no Cart\u00f3rio do \u00danico Of\u00edcio Renata Maria Valen\u00e7a Mota S\u00e1 Barr\u00eato Cart\u00f3rio de T\u00edtulos e Documentos de Caet\u00e9s sob n\u00b0 1.553 do Livro n\u00b0 B-10, e que se encontra dispon\u00edvel para acesso no seguinte link: https:\/\/NET BAIO PROVEDOR DE INTERNET LTDA.com.br\/ , e que faz parte integrante e indissoci\u00e1vel da presente.\u00a0\u00a0A coleta de dados dos clientes pela NET BAIO PROVEDOR DE INTERNET LTDA e inclusive o seu compartilhamento, se dar\u00e1 para fins de execu\u00e7\u00e3o de contrato de presta\u00e7\u00e3o de servi\u00e7os, bem como para fins de adequa\u00e7\u00e3o \u00e0 regula\u00e7\u00e3o dos servi\u00e7os de telecomunica\u00e7\u00f5es.\u00a0 No que consiste a lei geral de prote\u00e7\u00e3o de dados (LGPD)?\u00a0 \u00a0\u00c9 uma lei federal que estabelece regras ao uso de dados pessoais por entidades p\u00fablicas e privadas. A LGPD garante direitos aos titulares dos dados e estabelece a regra para coleta, armazenamento, processamento e compartilhamento de dados pessoais de pessoas f\u00edsicas.\u00a0\u00a0Quais ser\u00e3o os dados coletados?\u00a0\u00a0A NET BAIO PROVEDOR DE INTERNET LTDA poder\u00e1 coletar e utilizar dados dos seus clientes para alimenta\u00e7\u00e3o de seu sistema interno de cadastro de clientes, os quais podem ser classificados em duas categorias:\u00a0\u00a0 \u00a0Dados pessoais:\u00a0(dados que trazem elementos que identificam \u2013 ou podem identificar \u2013 um indiv\u00edduo);\u00a0Dados Financeiros:\u00a0(trazem informa\u00e7\u00f5es banc\u00e1rias e\/ou relativas ao sistema financeiro nacional);\u00a0A NET BAIO PROVEDOR DE INTERNET LTDA poder\u00e1 coletar informa\u00e7\u00f5es tais como: Protocolo de Internet (IP, com data e hora e origem), dentre outros.\u00a0Aceita\u00e7\u00e3o da coleta e do compartilhamento de dados\u00a0Ao estar ciente da Pol\u00edtica de Privacidade praticada pela NET BAIO PROVEDOR DE INTERNET LTDA, o cliente reitera que est\u00e1 consciente de que os seus dados pessoais s\u00e3o usados e tratados com finalidade comercial leg\u00edtima e que foram coletados mediante o seu consentimento livre, volunt\u00e1rio, informado e ausente de d\u00favidas.\u00a0A NET BAIO PROVEDOR DE INTERNET LTDA somente dar\u00e1 acesso aos dados pessoais de seus clientes a terceiros (i) em caso de presta\u00e7\u00e3o de servi\u00e7os e\/ou parcerias necess\u00e1rias para o desenvolvimento das atividades escopo da presta\u00e7\u00e3o de seus servi\u00e7os; ou, ent\u00e3o, (ii) sob a apresenta\u00e7\u00e3o de mandado judicial em processo de investiga\u00e7\u00e3o de il\u00edcitos.Os clientes declaram-se cientes da possibilidade de viola\u00e7\u00e3o da seguran\u00e7a dos servidores da NET BAIO PROVEDOR DE INTERNET LTDA por ataques de hackers e\/ou outras circunst\u00e2ncias a que sistemas conectados \u00e0 internet estejam sujeitos, casos em que, apesar dos melhores esfor\u00e7os da NET BAIO PROVEDOR DE INTERNET LTDA, as informa\u00e7\u00f5es e dados do Provedor e de seus clientes poder\u00e3o, eventualmente, ser ilegalmente acessadas por terceiros, bem como alguma falha operacional da NET BAIO PROVEDOR DE INTERNET LTDA sendo que, na hip\u00f3tese da ocorr\u00eancia de qualquer vazamento de informa\u00e7\u00f5es, a NET BAIO PROVEDOR DE INTERNET LTDA envidar\u00e1 seus melhores esfor\u00e7os para comunicar aos clientes afetados com a maior anteced\u00eancia poss\u00edvel.\u00a0Uso e tratamento dos dados\u00a0A NET BAIO PROVEDOR DE INTERNET LTDA poder\u00e1 utilizar os dados coletados para uma s\u00e9rie de prop\u00f3sitos, incluindo, mas n\u00e3o se limitando: \u00a0Prestar os servi\u00e7os de telecomunica\u00e7\u00f5es da forma mais adequada e eficiente; \u00a0Organiza\u00e7\u00e3o e controle de toda a parte de cadastro de cliente, financeira e fiscal, para que possa operar com seguran\u00e7a, aumentar sua \u00e1rea de atua\u00e7\u00e3o e n\u00famero de clientes; \u00a0Cumprir outras obriga\u00e7\u00f5es legais e regulat\u00f3rias; \u00a0A NET BAIO PROVEDOR DE INTERNET LTDA poder\u00e1 compartilhar dados dos seus clientes com:\u00a0 Autoridades p\u00fablicas, autoridades judici\u00e1rias e \u00f3rg\u00e3os reguladores. Partes relacionadas, quando aplic\u00e1vel; \u00a0Prestadores de servi\u00e7os que realizam opera\u00e7\u00f5es para a NET BAIO PROVEDOR DE INTERNET LTDA (Para trabalhar com a NET BAIO PROVEDOR DE INTERNET LTDA, os prestadores de servi\u00e7os devem se comprometer a proteger os dados compartilhados com eles);\u00a0Anunciantes para enviar comunica\u00e7\u00f5es que possam ser do interesse dos clientes.\u00a0A NET BAIO PROVEDOR DE INTERNET LTDA adota medidas t\u00e9cnicas de prote\u00e7\u00e3o dos dados pessoais, dentre as quais,\u00a0destacam-se:\u00a0\u00a0\u00a0 A. Estabelecimento de controle restrito sobre o acesso aos dados mediante a defini\u00e7\u00e3o de responsabilidades das pessoas que ter\u00e3o possibilidade de acesso e de privil\u00e9gios m\u00ednimos de acesso exclusivo para determinados respons\u00e1veis;\u00a0 \u00a0B. Estabelecimento de mecanismos de autentica\u00e7\u00e3o de acesso aos registros;\u00a0 \u00a0C. Estabelecimento de pol\u00edtica de senha que possua uma padroniza\u00e7\u00e3o de senha forte, com a obriga\u00e7\u00e3o de trocas de senhas periodicamente, impedindo a reutiliza\u00e7\u00e3o das senhas anteriores e bloqueio por tentativas sem sucesso; \u00a0\u00a0 \u00a0D. Os ambientes onde ser\u00e3o tratados dados s\u00e3o monitorados por meio de invent\u00e1rio detalhado dos acessos aos registros de conex\u00e3o e de acesso a aplica\u00e7\u00f5es;\u00a0 \u00a0E. Uso de solu\u00e7\u00f5es de gest\u00e3o dos registros por meio de t\u00e9cnicas que garantam a inviolabilidade dos dados, como encripta\u00e7\u00e3o;\u00a0 \u00a0F. Utiliza\u00e7\u00e3o de meios para prote\u00e7\u00e3o dos dados em repouso\/armazenado; \u00a0\u00a0 \u00a0G. Estabelecimento de mecanismos de descarte seguro dos dados, eliminando a possibilidade de restaura\u00e7\u00e3o;\u00a0\u00a0 \u00a0H. Manuten\u00e7\u00e3o de invent\u00e1rio atualizado de todos os dados armazenados, processados ou transmitidos.\u00a0\u00a0Armazenamento e exclus\u00e3o\u00a0\u00a0Os dados ser\u00e3o armazenados pelo tempo necess\u00e1rio, principalmente visando observar e atender aos requisitos legais e regulat\u00f3rios. A exclus\u00e3o dos dados se dar\u00e1 de forma definitiva no prazo julgado conveniente pela NET BAIO PROVEDOR DE INTERNET LTDA, desde que observados os requisitos legais e regulat\u00f3rios.\u00a0Tratamento e transfer\u00eancia de informa\u00e7\u00e3o\u00a0\u00a0A utiliza\u00e7\u00e3o dos dados ser\u00e1 limitada aos neg\u00f3cios realizados e seu uso restrito \u00e0s partes interessadas, respons\u00e1veis pela entrega dos servi\u00e7os e produtos contratados.\u00a0Direitos e deveres dos clientes\u00a0Quando autorizado pelas leis aplic\u00e1veis, o cliente poder\u00e1, por meio dos canais oficiais de comunica\u00e7\u00e3o da NET BAIO PROVEDOR DE INTERNET LTDA, solicitar: A verifica\u00e7\u00e3o dos seus dados pessoais; A revoga\u00e7\u00e3o\/ restri\u00e7\u00e3o de um consentimento anterior a qualquer momento; A cess\u00e3o do processamento dos seus dados pessoais para marketing direto; C\u00f3pia dos seus dados pessoais; A corre\u00e7\u00e3o dos dados pessoais que apresentem qualquer imprecis\u00e3o; A exclus\u00e3o dos seus dados pessoais. \u00a0Legisla\u00e7\u00e3o e foro competente\u00a0Esta Pol\u00edtica ser\u00e1 regida, interpretada e executada de acordo com as leis da Rep\u00fablica Federativa do Brasil, sendo competente o Foro da<\/p>\n","protected":false},"author":1,"featured_media":0,"parent":0,"menu_order":0,"comment_status":"closed","ping_status":"closed","template":"","meta":{"_eb_attr":"","inline_featured_image":false,"footnotes":""},"class_list":["post-566","page","type-page","status-publish","hentry"],"jetpack_sharing_enabled":true,"_links":{"self":[{"href":"https:\/\/netbaio.com.br\/index.php\/wp-json\/wp\/v2\/pages\/566","targetHints":{"allow":["GET"]}}],"collection":[{"href":"https:\/\/netbaio.com.br\/index.php\/wp-json\/wp\/v2\/pages"}],"about":[{"href":"https:\/\/netbaio.com.br\/index.php\/wp-json\/wp\/v2\/types\/page"}],"author":[{"embeddable":true,"href":"https:\/\/netbaio.com.br\/index.php\/wp-json\/wp\/v2\/users\/1"}],"replies":[{"embeddable":true,"href":"https:\/\/netbaio.com.br\/index.php\/wp-json\/wp\/v2\/comments?post=566"}],"version-history":[{"count":4,"href":"https:\/\/netbaio.com.br\/index.php\/wp-json\/wp\/v2\/pages\/566\/revisions"}],"predecessor-version":[{"id":574,"href":"https:\/\/netbaio.com.br\/index.php\/wp-json\/wp\/v2\/pages\/566\/revisions\/574"}],"wp:attachment":[{"href":"https:\/\/netbaio.com.br\/index.php\/wp-json\/wp\/v2\/media?parent=566"}],"curies":[{"name":"wp","href":"https:\/\/api.w.org\/{rel}","templated":true}]}}